actors of 631736343.
3, 7, 10027561
List the prime factors of 451781272.
2, 23, 131, 18743
What are the prime factors of 138939064?
2, 11, 1578853
What are the prime factors of 136196134?
2, 3061, 22247
What are the prime factors of 194082416?
2, 11, 19, 127, 457
What are the prime factors of 70288078?
2, 7, 5020577
List the prime factors of 3394830823.
571, 5945413
List the prime factors of 2929147574.
2, 1464573787
What are the prime factors of 239472479?
2729, 87751
List the prime factors of 1245783520.
2, 5, 83, 93809
What are the prime factors of 460556537?
7, 17, 59, 9371
List the prime factors of 15321620.
2, 5, 283, 2707
What are the prime factors of 72411553?
37, 1957069
What are the prime factors of 124333491?
3, 41444497
What are the prime factors of 720382158?
2, 3, 40021231
List the prime factors of 172739913.
3, 23, 2503477
List the prime factors of 19524937.
37, 527701
What are the prime factors of 484619080?
2, 5, 11, 1101407
List the prime factors of 3781387649.
13, 290875973
List the prime factors of 7257595884.
2, 3, 7, 11, 7854541
List the prime factors of 30791259.
3, 126713
What are the prime factors of 1624569600?
2, 3, 5, 191, 443
List the prime factors of 431292041.
431292041
What are the prime factors of 881695048?
2, 13, 43, 197159
List the prime factors of 126689089.
126689089
What are the prime factors of 185670978?
2, 3, 53, 113, 5167
List the prime factors of 2455136843.
29611, 82913
List the prime factors of 10867657.
599, 18143
List the prime factors of 2986462594.
2, 1493231297
List the prime factors of 1763743899.
3, 2393, 245681
List the prime factors of 3315048178.
2, 13, 17, 31, 241939
List the prime factors of 459547975.
5, 67, 274357
List the prime factors of 195093734.
2, 11, 17, 521641
List the prime factors of 5206101781.
47, 110768123
What are the prime factors of 1551990179?
41, 37853419
List the prime factors of 144226341.
3, 7, 281, 8147
What are the prime factors of 185887538?
2, 43, 47, 45989
List the prime factors of 46604174.
2, 17, 43, 127, 251
List the prime factors of 705410327.
1607, 438961
List the prime factors of 6665135233.
311, 21431303
What are the prime factors of 698603204?
2, 13, 1613, 8329
List the prime factors of 112836394.
2, 11, 449, 11423
List the prime factors of 101590066.
2, 71, 715423
List the prime factors of 127381061.
23, 317, 17471
List the prime factors of 2721284465.
5, 3041, 178973
What are the prime factors of 681134465?
5, 11, 239, 51817
What are the prime factors of 16908501?
3, 173, 32579
List the prime factors of 533410732.
2, 2287, 58309
List the prime factors of 3769082961.
3, 7, 179480141
List the prime factors of 19073133.
3, 17, 7333
What are the prime factors of 1259209500?
2, 3, 5, 839473
What are the prime factors of 573479116?
2, 7, 20481397
What are the prime factors of 1397765065?
5, 937, 298349
What are the prime factors of 290909652?
2, 3, 11, 200351
List the prime factors of 2050239679.
79, 3137, 8273
What are the prime factors of 1377613274?
2, 29, 43, 223, 2477
List the prime factors of 10676457.
3, 11, 107843
List the prime factors of 61794950.
2, 5, 7, 176557
What are the prime factors of 2052382187?
31, 66205877
What are the prime factors of 159397974?
2, 3, 1871, 4733
What are the prime factors of 682633590?
2, 3, 5, 22754453
List the prime factors of 54583510.
2, 5, 29, 37, 5087
What are the prime factors of 223039255?
5, 3407, 13093
What are the prime factors of 95544838?
2, 439, 108821
What are the prime factors of 57890197?
283, 337, 607
List the prime factors of 31920344.
2, 37, 107839
List the prime factors of 9385839.
3, 31, 33641
What are the prime factors of 385268616?
2, 3, 103, 17317
What are the prime factors of 4393571362?
2, 19, 115620299
What are the prime factors of 163111857?
3, 43, 73, 17321
What are the prime factors of 4878515541?
3, 47, 3011, 11491
List the prime factors of 757439090.
2, 5, 107, 707887
List the prime factors of 422763047.
7, 60394721
What are the prime factors of 27420496?
2, 19, 90199
List the prime factors of 280928927.
17, 19, 523, 1663
List the prime factors of 27111879.
3, 19, 331, 479
What are the prime factors of 168895830?
2, 3, 5, 43, 130927
List the prime factors of 639221084.
2, 10903, 14657
What are the prime factors of 23160682?
2, 53, 151, 1447
What are the prime factors of 1533921698?
2, 73, 10506313
What are the prime factors of 213229396?
2, 53307349
List the prime factors of 34536193.
79, 137, 3191
List the prime factors of 220075135.
5, 7, 6287861
List the prime factors of 21992163.
3, 23, 139, 2293
What are the prime factors of 756114?
2, 3, 126019
What are the prime factors of 74530796?
2, 18632699
What are the prime factors of 1261773454?
2, 613, 1029179
List the prime factors of 73112840.
2, 5, 41, 109, 409
What are the prime factors of 2754291459?
3, 61, 15050773
What are the prime factors of 101663529?
3, 11, 3080713
What are the prime factors of 365568837?
3, 121856279
What are the prime factors of 674105494?
2, 3307, 101921
What are the prime factors of 1507311561?
3, 7, 7229, 9929
What are the prime factors of 1833965788?
2, 347, 1321301
List the prime factors of 9526330.
2, 5, 11, 7873
What are the prime factors of 4343721434?
2, 13, 167066209
What are the prime factors of 350735751?
3, 160373
List the prime factors of 126256806.
2, 3, 13, 59951
What are the prime factors of 3180152189?
19, 79, 2118689
List the prime factors of 168825013.
7, 19, 193, 6577
What are the prime factors of 806230322?
2, 403115161
What are the prime factors of 2310940403?
5381, 429463
List the prime factors of 422365963.
3061, 137983
List the prime factors of 5665461242.
2, 7, 17, 3400637
List the prime factors of 6054544406.
2, 127, 2351, 10139
List the prime factors of 24693131.
4229, 5839
List the prime factors of 297073495.
5, 41, 439, 3301
List the prime factors of 109263958.
2, 54631979
List the prime factors of 2188461617.
383, 1483, 3853
List the prime factors of 86809672.
2, 31, 350039
List the prime factors of 977399638.
2, 181, 2699999
List the prime factors of 1674738973.
1674738973
What are the prime factors of 34357832?
2, 4294729
List the prime factors of 1847821499.
43, 42972593
List the prime factors of 197806180.
2, 5, 11, 13, 69163
List the prime factors of 105505493.
31, 3403403
What are the prime factors of 330982571?
17, 199, 227, 431
What are the prime factors of 42606235?
5, 7, 23, 7561
What are the prime factors of 495348493?
23, 21536891
List the prime factors of 18047896.
2, 2255987
List the prime factors of 1477212340.
2, 5, 73860617
List the prime factors of 3048493749.
3, 7, 613, 236813
List the prime factors of 1217763.
3, 269, 503
List the prime factors of 489552634.
2, 244776317
List the prime factors of 371576092.
2, 113, 127, 6473
List the prime factors of 127822598.
2, 1381, 46279
List the prime factors of 326393046.
2, 3, 7, 23, 41, 67
List the prime factors of 92390170.
2, 5, 71, 130127
What are the prime factors of 114020645?
5, 197, 115757
List the prime factors of 5884749548.
2, 23, 63964669
What are the prime factors of 431479656?
2, 3, 1997591
List the prime factors of 495888612.
2, 3, 1289, 32059
What are the prime factors of 692507204?
2, 173126801
What are the prime factors of 586901309?
569, 1031461
What are the prime factors of 56929687?
56929687
List the prime factors of 14332009.
14332009
List the prime factors of 2407883446.
2, 1203941723
List the prime factors of 91879245.
3, 5, 680587
List the prime factors of 16017433.
311, 51503
What are the prime factors of 133161419?
11059, 12041
What are the prime factors of 17785099?
61, 291559
List the prime factors of 68180957.
13, 673, 7793
What are the prime factors of 34401797?
34401797
What are the prime factors of 51404527?
51404527
List the prime factors of 89175036.
2, 3, 7431253
List the prime factors of 3150916830.
2, 3, 5, 41, 59, 353
What are the prime factors of 159187671?
3, 1433, 12343
What are the prime factors of 5531829479?
11, 2179, 20981
What are the prime factors of 567035150?
2, 5, 11, 433, 2381
What are the prime factors of 6457453730?
2, 5, 7, 13, 1013729
List the prime factors of 6876041329.
61, 112721989
List the prime factors of 3652178447.
33773, 108139
What are the prime